st the prime factors of r.
2, 5
What are the prime factors of (-482580)/(-225) - 1/(-5)?
3, 5, 11, 13
Let z(j) = -33*j + 29 + 15 + 4*j - 61. List the prime factors of z(-6).
157
Let d be (-1)/(4*4/144). Let u = 12 + d. Suppose -u*k = -n - 7, 2*n - 22 - 14 = -4*k. What are the prime factors of n?
2
Suppose 67*v - 11640 = 52*v. List the prime factors of v.
2, 97
List the prime factors of 70352/32 - 3/(-6).
3, 733
Let r(a) = 3*a**2 + 2*a - 6. Let o be 1/((1/(-6))/1). List the prime factors of r(o).
2, 3, 5
List the prime factors of 4*6/12 + 1260.
2, 631
Suppose -2*v - 51 = -1611. List the prime factors of v.
2, 3, 5, 13
Let t(f) = -f**2 + f - 1. Let j be t(2). Let m(r) = 0 + 11 - 34*r**3 + 3*r + 31*r**3 - 7. List the prime factors of m(j).
2, 19
Let f be (-1 + 4)*(-26)/(-3). Let r be (-1 + (12 - 1))*(5 - 6). Let h = r + f. List the prime factors of h.
2
Let f(z) = z**2 + 37*z - 552. What are the prime factors of f(-51)?
2, 3
Suppose 7*m - 2*m + 5*w - 5050 = 0, -4*m = -w - 4060. List the prime factors of m.
2, 3, 13
Let w be (5/4)/((-4)/(-80)). Let m = w - 21. List the prime factors of (21/6)/(m/56).
7
Suppose 0 = 4*q + 2*d + 20, -3*q - 6 = 4*d + 4. Suppose 3*l - 282 = -2*s, -s - 8*l + 136 = -4*l. What are the prime factors of -1 + -2 - s/q?
3, 7
Let v(i) be the third derivative of 3*i**2 + 0*i + 0 - 1/12*i**4 - 1/6*i**3 + 1/60*i**5. What are the prime factors of v(3)?
2
Suppose -9953 - 10683 = -11*f. List the prime factors of f.
2, 7, 67
Let c(o) = o**2 + 2*o + 2100. What are the prime factors of c(0)?
2, 3, 5, 7
Let g = 18 - -48. Suppose -m + 0*m = g. Let j = m - -103. What are the prime factors of j?
37
Suppose -10*a = -33*a + 13547. List the prime factors of a.
19, 31
Suppose 18 + 3 = 7*j. What are the prime factors of (3/(j/(-7)))/(23/(-483))?
3, 7
Let m be (-82)/1 + (10 - 8). What are the prime factors of 32/m - (-107)/5?
3, 7
Let t = -3140 + 5953. List the prime factors of t.
29, 97
Let i = 12 + -10. Suppose -5*y + y + 35 = l, -i*l + 25 = -y. Let h = 21 - l. List the prime factors of h.
2, 3
Suppose -3*a + 6*l + 160 = l, -4*a + 260 = 5*l. Let j = a + -35. List the prime factors of j.
5
Suppose 316 = 2*o - 0*o. Let d = -84 + o. List the prime factors of d.
2, 37
List the prime factors of 3/12 + 40584/96.
3, 47
Suppose n + 3499 = 3*o, 0 = 3*o + 3*n - 2750 - 757. What are the prime factors of o?
3, 389
Let k(c) = 2*c + 7. Let u be k(-4). Let w = u - -6. Suppose -160 = -w*f + 115. List the prime factors of f.
5, 11
Let z(r) be the second derivative of r**3/2 + 3*r**2/2 + r. Let f be z(-3). What are the prime factors of 1*-1*(f - 7)?
13
Let t = 30 - 15. Suppose m = -3*y + 10, -4*y + 4*m = 7*m - t. Suppose -b = y*o - 68, -5*o + 125 = b + 3*b. List the prime factors of o.
3, 7
Suppose 4*d = -3*a - 12, -2*d + 3*d + 16 = -4*a. Suppose 2*s - 130 = -2*q - d*s, 5*q + 2*s - 322 = 0. What are the prime factors of q?
2
Let u = -13 + 16. List the prime factors of u.
3
Suppose 3*m + 0*m - 30 = 4*g, m = -5*g - 9. Let x = m + -1. What are the prime factors of (-51)/(-2) + x/10?
2, 13
Let h(z) = z**3 + 16*z**2 + 17*z + 16. Let a be h(-15). Let f = -7 - a. What are the prime factors of f?
7
Let g = -1164 + 1683. List the prime factors of g.
3, 173
Let y(u) = u**3 - 2*u**2 + 11*u + 1630. List the prime factors of y(0).
2, 5, 163
Let c = -30 - -34. Suppose r - c*r + 15 = 0. Suppose -16 = r*q - 106. What are the prime factors of q?
2, 3
Let x = 310 - 134. What are the prime factors of x?
2, 11
Let i = -842 + 1277. List the prime factors of i.
3, 5, 29
Suppose 3276 = -3*w + 5*w. List the prime factors of w.
2, 3, 7, 13
Let g be -1 + (-2 - -2) - 1. Let i be 3 + 4 + g/1. Suppose 4*d = -u + 113, -3*u = -i*d + 2*u + 135. List the prime factors of d.
2, 7
Suppose -5*b = -3*b. Suppose b = l + 4*l + 3*m - 148, 119 = 4*l + 3*m. Suppose -2*j + 21 = -j + 3*w, -5*w - l = -j. List the prime factors of j.
2, 3
Let c = 19 - 13. Suppose c = -p + 11. Suppose -p*t + 5*n = -105, -17 - 46 = -3*t + 4*n. List the prime factors of t.
3, 7
Suppose -5*f = 16 + 4. Let h be 3*(-4 - f - -3). Suppose 0 = 5*o - h*o + 260. List the prime factors of o.
5, 13
Suppose -762 = 5*w - 32. Let k = w + 230. List the prime factors of k.
2, 3, 7
Let f(n) = -7*n + 11. Let v = 8 - 14. Let c(a) = -7*a + 10. Let h(b) = v*c(b) + 5*f(b). List the prime factors of h(4).
23
What are the prime factors of 0 - 70436/(-32) - 1/8?
31, 71
Suppose 3*x + 5*r - 20 = 0, -7*x - 8 = -3*x - 2*r. Let v(k) = -15*k + 2. Let c be v(-4). Suppose -2*n + c = -2*y, 4*y + x = -4. List the prime factors of n.
2, 3, 5
Let w be (-386)/8 + (-3)/(-12). Let f be w/(-9)*9/4. What are the prime factors of -1 + 1 + 6 + f?
2, 3
Let f = 4535 - 1395. List the prime factors of f.
2, 5, 157
Let t(s) = 23*s - 14. Let u be 8/20 + 28/5. Let b be t(u). Let q = b + -84. What are the prime factors of q?
2, 5
Let c(x) = -x - 1. Let q be c(-3). Suppose -q*d - 12 = -4*b, b + 1 - 4 = 3*d. Suppose d = 4*h - 3*h - 50. What are the prime factors of h?
2, 5
Let m = 433 - 107. List the prime factors of m.
2, 163
Suppose 2*i - 2*g + 44 = -3*i, -5*g = -4*i - 42. Let v(b) = -b**3 - 4*b**2 + 2*b - 25. What are the prime factors of v(i)?
5, 43
Suppose 35*y - 13*y = 3234. What are the prime factors of y?
3, 7
Let d(l) = -l**3 - l - 1. Let u be d(-2). Suppose u*g = -91 + 991. What are the prime factors of g?
2, 5
Let q(r) = -17*r**2 - 2*r - 5. Let u(n) = 34*n**2 + 4*n + 11. Let t be 6/(-18) + (-11)/3. Let p(w) = t*u(w) - 9*q(w). What are the prime factors of p(-2)?
5, 13
Let m(o) = 3*o - 8. Let k(z) = -3*z + 3 + 6 - 1. Let c(p) = 4*k(p) + 5*m(p). List the prime factors of c(7).
13
Let f(u) = -2*u**2 - 4*u - 3. Suppose -7*v - 4 = -6*v. Let r be f(v). Let z(y) = y**2 + 20*y + 26. List the prime factors of z(r).
7
Suppose 23 = -h + 51. List the prime factors of h.
2, 7
Suppose 0 = 3*b, 0 = f - 12*b + 17*b - 1200. What are the prime factors of f?
2, 3, 5
List the prime factors of 1640/20 + 2 + -3.
3
Suppose 2595 = v + 2*x + 3*x, -5*v - 3*x = -12909. List the prime factors of (-6)/(-27) + v/54.
2, 3
List the prime factors of 0 + 3 + (629 - (-16)/(-4)).
2, 157
Let s = 235 - 57. Suppose -7*f + 969 = s. What are the prime factors of f?
113
Suppose -4*v = -4*h, 3*v - 15 = -2*h - 5. Suppose v*a - 3*a = -121. List the prime factors of a.
11
What are the prime factors of -1 + (-3)/(-5) - 24003/(-45)?
13, 41
List the prime factors of (-151770)/(-51) - (-8)/68.
2, 3, 31
Suppose 0 = 3*g - 16 - 50. Suppose -5*a + g = -2*a + 4*u, u + 2 = 0. What are the prime factors of a?
2, 5
Suppose -6*b + 3060 = -12. List the prime factors of b.
2
Suppose -2*h - 2*b = -3388, -5*h - 2*b + 8474 = -b. List the prime factors of h.
3, 5, 113
Suppose -11 = 3*y - 4*o, 0*y + y = -3*o - 21. List the prime factors of (234/12)/(y/(-6)).
13
Let z = 34 + -31. Suppose -6*i = -z*i - 30. List the prime factors of ((-8)/i)/((-20)/50).
2
Let w be 0*3*2/18. Suppose w = 7*m - 36 + 8. What are the prime factors of (3/6)/(m/152)?
19
Let b(i) = i**2 + 8*i + 4. Let h be b(-8). Suppose 5 = 3*y - h*y. What are the prime factors of 496/20 + (-1)/y?
5
Let x(s) = s**3 - 12*s**2 + s + 4. Let d be x(12). Let w be -1 + d/4 + -3. Suppose 4*u = 3*z + 25, -12 = -2*u + 2*z - w. List the prime factors of u.
7
List the prime factors of (-7 - -173) + 6 + 0.
2, 43
Let t(x) = -8*x**3 - x**2 + 16*x - 16. List the prime factors of t(-4).
2, 13
Let x = 21 + -15. Suppose 0 = -3*c - c + 2*y + x, 5*c + 5*y - 45 = 0. Suppose j + c*u + 2 = 30, -3*j = -5*u + 1. What are the prime factors of j?
2
Let s(y) = -54*y + 59. List the prime factors of s(-27).
37, 41
Let o be 0 + -3 + 24/4. Suppose 198 = 5*p + 5*i - 147, o*p - i - 191 = 0. List the prime factors of p.
5, 13
Let i be (355/(-15))/((-1)/(-6)). Let o be -3 + (i/(-2) - 2). Let v = o + -31. What are the prime factors of v?
5, 7
Let i(f) = 9*f**2 + 9*f - 101. What are the prime factors of i(-15)?
1789
Let o(s) = -s**3 - 16*s**2 + 18*s - 8. What are the prime factors of o(-19)?
733
Let x be -2*8 - (-1 - 0). Let b be (-3)/x + (-18)/(-10). Suppose 58 - 4 = b*a + 5*g, -21 = -a - 4*g. What are the prime factors of a?
37
Let q(x) = -x**3 - 3*x**2 + 4*x + 3. Let s be q(-4). Suppose 3*a = -2*d - a + 20, -12 = -s*a. List the prime factors of d.
2
Let i(k) = k**3 + 2*k**2 - 4*k - 1. Let g be i(-3). Sup